{"id":1652,"date":"2018-02-13T13:52:46","date_gmt":"2018-02-13T17:52:46","guid":{"rendered":"https:\/\/sashacoolcars.com\/site\/?page_id=1652"},"modified":"2018-02-13T14:06:46","modified_gmt":"2018-02-13T18:06:46","slug":"reportar-transferencia","status":"publish","type":"page","link":"http:\/\/sashacoolcars.com\/site\/reportar-transferencia\/","title":{"rendered":"Reportar Transferencia"},"content":{"rendered":"<h4>Aqu\u00ed podr\u00e1 notificar los pagos realizados por medio de Transferencia Electr\u00f3nica.<\/h4>\n<div role=\"form\" class=\"wpcf7\" id=\"wpcf7-f1651-o1\" lang=\"es-ES\" dir=\"ltr\">\n<div class=\"screen-reader-response\"><p role=\"status\" aria-live=\"polite\" aria-atomic=\"true\"><\/p> <ul><\/ul><\/div>\n<form action=\"\/site\/wp-json\/wp\/v2\/pages\/1652#wpcf7-f1651-o1\" method=\"post\" class=\"wpcf7-form init\" novalidate=\"novalidate\" data-status=\"init\">\n<div style=\"display: none;\">\n<input type=\"hidden\" name=\"_wpcf7\" value=\"1651\" \/>\n<input type=\"hidden\" name=\"_wpcf7_version\" value=\"5.4.2\" \/>\n<input type=\"hidden\" name=\"_wpcf7_locale\" value=\"es_ES\" \/>\n<input type=\"hidden\" name=\"_wpcf7_unit_tag\" value=\"wpcf7-f1651-o1\" \/>\n<input type=\"hidden\" name=\"_wpcf7_container_post\" value=\"0\" \/>\n<input type=\"hidden\" name=\"_wpcf7_posted_data_hash\" value=\"\" \/>\n<\/div>\n<p>Su nombre completo (requerido)<br \/>\n    <span class=\"wpcf7-form-control-wrap your-name\"><input type=\"text\" name=\"your-name\" value=\"\" size=\"40\" class=\"wpcf7-form-control wpcf7-text wpcf7-validates-as-required\" aria-required=\"true\" aria-invalid=\"false\" \/><\/span> <\/p>\n<p>Empresa<br \/>\n    <span class=\"wpcf7-form-control-wrap Empresa\"><input type=\"text\" name=\"Empresa\" value=\"\" size=\"40\" class=\"wpcf7-form-control wpcf7-text wpcf7-validates-as-required\" aria-required=\"true\" aria-invalid=\"false\" \/><\/span> <\/p>\n<p>Su e-mail (requerido)<br \/>\n    <span class=\"wpcf7-form-control-wrap your-email\"><input type=\"email\" name=\"your-email\" value=\"\" size=\"40\" class=\"wpcf7-form-control wpcf7-text wpcf7-email wpcf7-validates-as-required wpcf7-validates-as-email\" aria-required=\"true\" aria-invalid=\"false\" \/><\/span> <\/p>\n<p>N\u00famero de Pedido que pago (requerido)<br \/>\n    <span class=\"wpcf7-form-control-wrap Pedido\"><input type=\"text\" name=\"Pedido\" value=\"\" size=\"40\" class=\"wpcf7-form-control wpcf7-text wpcf7-validates-as-required\" aria-required=\"true\" aria-invalid=\"false\" \/><\/span> <\/p>\n<p>Banco desde donde realizo la Transferencia (requerido)<br \/>\n    <span class=\"wpcf7-form-control-wrap Banco\"><input type=\"text\" name=\"Banco\" value=\"\" size=\"40\" class=\"wpcf7-form-control wpcf7-text wpcf7-validates-as-required\" aria-required=\"true\" aria-invalid=\"false\" \/><\/span><\/p>\n<p>N\u00famero de Referencia de la Transferencia (requerido)<br \/>\n    <span class=\"wpcf7-form-control-wrap Transaccion\"><input type=\"text\" name=\"Transaccion\" value=\"\" size=\"40\" class=\"wpcf7-form-control wpcf7-text wpcf7-validates-as-required\" aria-required=\"true\" aria-invalid=\"false\" \/><\/span> <\/p>\n<p>Fecha en que realizo la Transferencia (requerido)<br \/>\n    <span class=\"wpcf7-form-control-wrap date-850\"><input type=\"date\" name=\"date-850\" value=\"\" class=\"wpcf7-form-control wpcf7-date wpcf7-validates-as-required wpcf7-validates-as-date\" aria-required=\"true\" aria-invalid=\"false\" \/><\/span> <\/p>\n<p>Monto Transferido en Bs.(VEF) (requerido)<br \/>\n    <span class=\"wpcf7-form-control-wrap Monto\"><input type=\"text\" name=\"Monto\" value=\"\" size=\"40\" class=\"wpcf7-form-control wpcf7-text wpcf7-validates-as-required\" aria-required=\"true\" aria-invalid=\"false\" \/><\/span> <\/p>\n<p>Alg\u00fan Comentario<br \/>\n    <span class=\"wpcf7-form-control-wrap your-message\"><textarea name=\"your-message\" cols=\"40\" rows=\"10\" class=\"wpcf7-form-control wpcf7-textarea wpcf7-validates-as-required\" aria-required=\"true\" aria-invalid=\"false\"><\/textarea><\/span> <\/p>\n<p>Ingrese el c\u00f3digo de la imagen (requerido)<br \/>\n<input type=\"hidden\" name=\"_wpcf7_captcha_challenge_captcha-153\" value=\"616461727\" \/><img class=\"wpcf7-form-control wpcf7-captchac wpcf7-captcha-captcha-153\" width=\"72\" height=\"24\" alt=\"captcha\" src=\"http:\/\/sashacoolcars.com\/site\/wp-content\/uploads\/wpcf7_captcha\/616461727.png\" \/> <span class=\"wpcf7-form-control-wrap captcha-153\"><input type=\"text\" name=\"captcha-153\" value=\"\" size=\"40\" class=\"wpcf7-form-control wpcf7-captchar\" autocomplete=\"off\" aria-invalid=\"false\" \/><\/span><\/p>\n<p><input type=\"submit\" value=\"Enviar\" class=\"wpcf7-form-control wpcf7-submit\" \/><\/p>\n<div class=\"wpcf7-response-output\" aria-hidden=\"true\"><\/div><\/form><\/div>\n<!-- AddThis Advanced Settings generic via filter on the_content --><!-- AddThis Share Buttons generic via filter on the_content -->","protected":false},"excerpt":{"rendered":"<p>Aqu\u00ed podr\u00e1 notificar los pagos realizados por medio de Transferencia Electr\u00f3nica.<!-- AddThis Advanced Settings generic via filter on get_the_excerpt --><!-- AddThis Share Buttons generic via filter on get_the_excerpt --><\/p>\n","protected":false},"author":4,"featured_media":0,"parent":0,"menu_order":0,"comment_status":"closed","ping_status":"closed","template":"","meta":[],"yoast_head":"<!-- This site is optimized with the Yoast SEO plugin v15.2.1 - https:\/\/yoast.com\/wordpress\/plugins\/seo\/ -->\n<title>Reportar Transferencia - SASHA COOL CARS<\/title>\n<meta name=\"robots\" content=\"index, follow, max-snippet:-1, max-image-preview:large, max-video-preview:-1\" \/>\n<link rel=\"canonical\" href=\"http:\/\/sashacoolcars.com\/site\/reportar-transferencia\/\" \/>\n<meta property=\"og:locale\" content=\"es_ES\" \/>\n<meta property=\"og:type\" content=\"article\" \/>\n<meta property=\"og:title\" content=\"Reportar Transferencia - SASHA COOL CARS\" \/>\n<meta property=\"og:description\" content=\"Aqu\u00ed podr\u00e1 notificar los pagos realizados por medio de Transferencia Electr\u00f3nica.\" \/>\n<meta property=\"og:url\" content=\"http:\/\/sashacoolcars.com\/site\/reportar-transferencia\/\" \/>\n<meta property=\"og:site_name\" content=\"SASHA COOL CARS\" \/>\n<meta property=\"article:publisher\" content=\"https:\/\/www.facebook.com\/sashacoolcarsvzla\/\" \/>\n<meta property=\"article:modified_time\" content=\"2018-02-13T18:06:46+00:00\" \/>\n<meta name=\"twitter:card\" content=\"summary\" \/>\n<meta name=\"twitter:label1\" content=\"Escrito por\">\n\t<meta name=\"twitter:data1\" content=\"Edecio Parra\">\n\t<meta name=\"twitter:label2\" content=\"Tiempo de lectura\">\n\t<meta name=\"twitter:data2\" content=\"0 minutos\">\n<script type=\"application\/ld+json\" class=\"yoast-schema-graph\">{\"@context\":\"https:\/\/schema.org\",\"@graph\":[{\"@type\":\"WebSite\",\"@id\":\"http:\/\/sashacoolcars.com\/site\/#website\",\"url\":\"http:\/\/sashacoolcars.com\/site\/\",\"name\":\"SASHA COOL CARS\",\"description\":\"www.sashacoolcars.com\",\"potentialAction\":[{\"@type\":\"SearchAction\",\"target\":\"http:\/\/sashacoolcars.com\/site\/?s={search_term_string}\",\"query-input\":\"required name=search_term_string\"}],\"inLanguage\":\"es\"},{\"@type\":\"WebPage\",\"@id\":\"http:\/\/sashacoolcars.com\/site\/reportar-transferencia\/#webpage\",\"url\":\"http:\/\/sashacoolcars.com\/site\/reportar-transferencia\/\",\"name\":\"Reportar Transferencia - SASHA COOL CARS\",\"isPartOf\":{\"@id\":\"http:\/\/sashacoolcars.com\/site\/#website\"},\"datePublished\":\"2018-02-13T17:52:46+00:00\",\"dateModified\":\"2018-02-13T18:06:46+00:00\",\"inLanguage\":\"es\",\"potentialAction\":[{\"@type\":\"ReadAction\",\"target\":[\"http:\/\/sashacoolcars.com\/site\/reportar-transferencia\/\"]}]}]}<\/script>\n<!-- \/ Yoast SEO plugin. -->","_links":{"self":[{"href":"http:\/\/sashacoolcars.com\/site\/wp-json\/wp\/v2\/pages\/1652"}],"collection":[{"href":"http:\/\/sashacoolcars.com\/site\/wp-json\/wp\/v2\/pages"}],"about":[{"href":"http:\/\/sashacoolcars.com\/site\/wp-json\/wp\/v2\/types\/page"}],"author":[{"embeddable":true,"href":"http:\/\/sashacoolcars.com\/site\/wp-json\/wp\/v2\/users\/4"}],"replies":[{"embeddable":true,"href":"http:\/\/sashacoolcars.com\/site\/wp-json\/wp\/v2\/comments?post=1652"}],"version-history":[{"count":2,"href":"http:\/\/sashacoolcars.com\/site\/wp-json\/wp\/v2\/pages\/1652\/revisions"}],"predecessor-version":[{"id":1654,"href":"http:\/\/sashacoolcars.com\/site\/wp-json\/wp\/v2\/pages\/1652\/revisions\/1654"}],"wp:attachment":[{"href":"http:\/\/sashacoolcars.com\/site\/wp-json\/wp\/v2\/media?parent=1652"}],"curies":[{"name":"wp","href":"https:\/\/api.w.org\/{rel}","templated":true}]}}